 the prime factors of g.
3, 5849
Let d = -8669 + 16266. List the prime factors of d.
71, 107
Suppose -7*x - 3 = -10*x. Let g(b) = 86*b. Let y be g(x). List the prime factors of y + (-2)/4*(4 + -10).
89
Let m = 9 + -6. Let w be (48/42)/(20/70). Suppose 2*k - w*p - 171 + 59 = 0, m*k - 5*p = 171. List the prime factors of k.
2, 31
Let d be (-9)/15 + 4 + (-976)/40. Let x = 286 - d. List the prime factors of x.
307
Let t = 3 - 0. Suppose -2*r + t*w - w = -678, 4*r - 1361 = -w. What are the prime factors of r?
2, 5, 17
Suppose 1484 = 648*o - 650*o. Let i = -416 - o. What are the prime factors of i?
2, 163
Let d be (-1)/2*1*32/(-4). Let o(w) = w**2 - 2*w - 5. Let y be o(d). Suppose -y*l - 716 = -7*l. What are the prime factors of l?
179
Let a(d) = 4*d + 63. Let h be a(-15). Suppose k = 3*i + 1117, 2*k + h*i = -2*i + 2256. List the prime factors of k.
1123
Let h = 146 - 144. Suppose 4*g = 3*d - 2622, -h*d + 2*g = -1316 - 434. What are the prime factors of d?
2, 439
Let k = 46263 - 31444. What are the prime factors of k?
7, 29, 73
Suppose 3*m - 5123 = 2*r + 82857, 0 = 5*m + 5*r - 146700. What are the prime factors of m?
2, 7333
Let d(t) = -t**3 - 2*t**2 + 4*t + 3. Let n be d(-3). Suppose 9*s - 2475 - 1134 = n. List the prime factors of s.
401
Let k(f) = -120*f**2 - 4*f - 4. Let v be k(-3). Let r = 1624 + v. List the prime factors of (3/6)/(3/r).
2, 23
Let t be (1 - 1522/(-22)) + (-16)/88. Let o = t + -67. Suppose -o*n + 246 = -102. List the prime factors of n.
2, 29
Let c(l) = 101*l**2 - 27*l + 304. List the prime factors of c(9).
2, 13, 317
List the prime factors of 58732/(0 - -4) - (-11 - -12).
2, 3, 2447
Suppose 8*c - 11617 = 2071. List the prime factors of c.
29, 59
List the prime factors of ((-501222)/(-30) - -3) + 0 + 6/(-15).
2, 3, 5, 557
Suppose -4*g + 3*l + 7947 = 0, -1985 = -g - 8*l + 7*l. List the prime factors of g.
2, 3, 331
Suppose -31*d + 27*d + 88 = 0. Suppose 560 = d*s - 2410. What are the prime factors of s?
3, 5
Let h = -34 - -39. Suppose f = 4*f + 4*q + 8, -f + h*q = -29. Suppose f*i - 35 = -i. List the prime factors of i.
7
Suppose 3*o = 5*h + 31157, 2*o - 110*h + 105*h = 20768. List the prime factors of o.
3, 3463
Let l = 264 + -274. Let q(d) = 4*d**2 + 9*d + 8. What are the prime factors of q(l)?
2, 3, 53
Let c = 592 - 608. Let u(k) = k**2 - 43*k + 18. List the prime factors of u(c).
2, 13, 37
Let r(n) = 672*n + 26. List the prime factors of r(6).
2, 2029
Let i = 41 - 42. Let a be 68/i + 9 + -11. List the prime factors of 899/7 - (-30)/a.
2
Let b(y) = 30*y + 82. Let q be b(-6). Let o = q + 1313. List the prime factors of o.
3, 5
List the prime factors of ((-16107)/234 - 2/(-24))*-176.
2, 5, 11
What are the prime factors of 2/(-6) + (2291/(-261))/((-2)/13074)?
2, 5, 19, 151
Let i(h) = -h**2 - 4*h + 60. Let s(l) = -2*l - 10 - 6 - l + 10. Let q be s(-2). What are the prime factors of i(q)?
2, 3, 5
Let j(o) = -6*o**2 - 33*o - 40. Let n(d) = -2*d**2 + 2*d + 1. Let g(k) = -j(k) + 2*n(k). List the prime factors of g(-24).
2, 3, 17
Let l(i) = 39*i**2 + 91*i + 1. List the prime factors of l(-11).
3719
Let m(a) = a**3 - 2*a**2 + 2*a. Let j be m(2). Suppose j*s + 24 = 4*h, -6 = 3*s + s + 5*h. What are the prime factors of s + (-688)/(-20) - 2/5?
2, 3, 5
Let n(f) = -4*f + 30. Let u(t) = -12*t + 92. Let l(d) = d**3 + 5*d**2 - 2. Let g be l(-3). Let h(c) = g*n(c) - 5*u(c). What are the prime factors of h(3)?
2
Suppose 0 = 8*z - 17*z + 63. Suppose 18 - 375 = z*v. Let s = v - -197. What are the prime factors of s?
2, 73
Let a(b) = b**2 + 21*b + 35. List the prime factors of a(-48).
11
What are the prime factors of 996/(-8)*(-1727)/33*2?
83, 157
Let f = 54 + -52. Let z be ((-1)/f)/((-2)/28). Suppose -c + 5*n + 34 = 0, -4*c + 5*n = -z*c + 62. What are the prime factors of c?
2, 3
Suppose 5*f - 27943 = 42207. Suppose 0 = -9*y - 2879 + f. List the prime factors of y.
3, 7, 59
Let f = 46062 - 30797. List the prime factors of f.
5, 43, 71
Let d = 21 - 21. Suppose 2*y + 15 - 286 = -3*p, 3*y - p - 379 = d. List the prime factors of y.
2
Let l(j) = j**2 - 4*j + 3. Let i be l(3). Suppose 14*w - 19*w + 100 = i. Suppose 0 = -w*n + 18*n + 46. List the prime factors of n.
23
Let t(a) = 39369*a**2 - 6*a - 14. List the prime factors of t(-1).
7, 5623
Let x = 64 + -5. Suppose 14*c - 427 = 7*c. Suppose -x*h - 124 = -c*h. What are the prime factors of h?
2, 31
Suppose -35 + 61 = 13*r. Suppose -l - 4*l - 4*n + 2466 = 0, -3*l = -r*n - 1462. What are the prime factors of l?
2, 5, 7
Suppose 10*q + 3*q = -2652. List the prime factors of (-136)/q + (-4940)/(-6).
2, 103
Let n(w) = -2*w - 49. Let v be n(0). Let a = 56 + v. What are the prime factors of (-9)/((-18)/(-4)) + 23*a?
3, 53
Let y(j) = -5*j - 28. Let v = 37 + -50. Let t be y(v). Let p = t - -18. List the prime factors of p.
5, 11
Let w be -1*(-9)/(27/12). Let f be (4/1)/(w/3). List the prime factors of -99*(-1)/9*f.
3, 11
Let g = 14428 + -7925. List the prime factors of g.
7, 929
Suppose 352 = -p - 154. Let z = 675 + p. List the prime factors of z.
13
Let b(d) be the third derivative of -d**6/120 + 23*d**5/60 + 25*d**4/12 - 5*d**3/3 + 10*d**2. Let h be b(25). List the prime factors of 44*(1 - 45/h).
2, 11
Let b be 1*4/(-20)*0. Suppose 0*h = 5*z - h + 2, b = 4*h - 8. Suppose -v + 4*p + 115 = z, 4*v - 502 = -0*v - 5*p. List the prime factors of v.
3, 41
What are the prime factors of (-332585)/(-33) - ((-289)/51 + 1*5)?
10079
Suppose 0 = 21*w - 16*w - 10. Let q be 8/288*8 + 14270/18. Suppose 3*g = w*f + 496 - 21, 0 = 5*g - 4*f - q. List the prime factors of g.
157
Suppose 2*p = -3*v - 6, p - 8 = 4*v - 0*p. Let d be -4 - v - (-4 + 0). Let a = 72 + d. What are the prime factors of a?
2, 37
Suppose 14*z - 7*z + 110086 = 26*z. List the prime factors of z.
2, 2897
Let g(a) = -4*a**2 - a - 2. Suppose 0 = 3*j + j + 4. Let y be g(j). What are the prime factors of -88*y/(10/2)?
2, 11
Let q = -30 - -35. Suppose -2*p + 318 = -q*g - 354, -4*p + 1374 = 5*g. What are the prime factors of p?
11, 31
Let s(r) = -r**3 + 7*r**2 + 12*r - 17. Let o be s(8). List the prime factors of 24/o*(-465)/(-2).
2, 3, 31
Let f(t) = -2*t**2 - 19*t - 7. Let w be f(-9). Suppose 518 = z + 5*a, -w*z + 755 = -4*a - 351. List the prime factors of z.
3, 181
Let h = -279 - 178. Let x = -231 - h. List the prime factors of x.
2, 113
Let h = 1841 + 11921. List the prime factors of h.
2, 7, 983
Suppose 68*n = 73*n + 7420. Let d = 2844 + n. List the prime factors of d.
2, 5, 17
Let i be (32/12 - 3)*(-30)/5. Let w(p) = 2*p - 10. Let v be w(5). Suppose v = -x + 4*z + 38, 4*z = -i*x - 2*x + 252. List the prime factors of x.
2, 29
Let z(l) = 17*l**3 + 21 - 16*l**3 + 12*l**2 - 7 + 16*l. List the prime factors of z(-10).
2, 3
Let i(o) = -2*o**2 - 53*o + 30. Let w be i(-26). Let y = -185 - -320. Let g = y - w. What are the prime factors of g?
79
Let i(z) = 200*z**2 + 76*z + 378. List the prime factors of i(-10).
2, 17, 577
Let j = -2486 - -4826. Let h = j - 1348. What are the prime factors of h?
2, 31
Let x = -120828 - -171387. List the prime factors of x.
3, 19, 887
Suppose -522790 = -6*f - 12*f + 231968. List the prime factors of f.
3, 1553
Suppose 14 = 6*r - 52. Suppose 2*h + 15 = -3*h, -3*h - 289 = -5*u. Suppose -i + u = r. What are the prime factors of i?
3, 5
Suppose -464903 = 32*q - 1568999. List the prime factors of q.
3, 7, 31, 53
Suppose 3*j = 5*c + 33, -3*j - 5*c - 43 = -16. Let r(x) = 1. Let a(v) = -21*v + 28. Let i(o) = -a(o) + 35*r(o). What are the prime factors of i(j)?
2, 7
Suppose b - 1232 = j, -10*b + 4942 = -6*b + 3*j. Suppose 0 = 4*p - 4, -5*p + 4*p + b = 3*w. What are the prime factors of w?
3, 137
List the prime factors of 504/(-280)*(-4456 + 1).
3, 11
Let v(l) = l**3 - 16*l**2 + 8*l - 13. Suppose 2*i = -2*i + 64. List the prime factors of v(i).
5, 23
Let i be 1/(((-2)/487)/((-8)/(-4))). List the prime factors of -1*2 - 6/3 - i.
3, 7, 23
Suppose 0 = -2*r - 10 - 92. Let q = r - -53. Let m(w) = 13*w**3 + 4*w**2 - 4*w + 2. What are the prime factors of m(q)?
2, 3, 19
Let f = -40 + 41. Let a = -3 + f. List the prime factors of 9*-1*52/(-6) + a.
2, 19
List the prime factors of 1602000/576 - (-2)/(-8).
3, 103
Let a(o) = o**3 - 10*o**2 + 14*o - 23. Let t(p) = 3*p**2 + 46*p + 24. Let n be t(-15). List the prime factors of a(n).
2, 11
Suppose 5*x - 20